le of 32?
False
Is 237480 a multiple of 30?
True
Does 151 divide 424461?
True
Is 3309960 a multiple of 30?
True
Is 123612 a multiple of 6?
True
Is 239 a factor of 215466?
False
Is 150082 a multiple of 168?
False
Does 154 divide 64680?
True
Is 9644330 a multiple of 55?
False
Does 26 divide 253500?
True
Is 20 a factor of 211557?
False
Is 4372 even?
True
Is 57 a factor of 25479?
True
Is 299481 a multiple of 91?
True
Is 85880 a multiple of 3?
False
Is 72352 even?
True
Is 8935135 a multiple of 40?
False
Does 33 divide 239118?
True
Is 1545 a factor of 3083209?
False
Is 6 a factor of 85602?
True
Is 88 a factor of 224490?
False
Is 199 a factor of 383871?
True
Is 1041 a factor of 5295358?
False
Is 16 a factor of 18001393?
False
Is 736987 a multiple of 23?
False
Is 131641 a multiple of 12?
False
Is 166 a factor of 54448?
True
Does 24 divide 60144?
True
Does 71 divide 556356?
True
Does 138 divide 11833500?
True
Does 11 divide 432630?
True
Is 8 a factor of 817657?
False
Is 492500 a multiple of 35?
False
Is 509 a factor of 187122?
False
Is 258852 a multiple of 134?
False
Is 1402441 a multiple of 4?
False
Is 2878075 a multiple of 21?
False
Is 4 a factor of 49742?
False
Is 2687740 a multiple of 22?
True
Does 13 divide 146006?
False
Is 4131376 a multiple of 112?
False
Does 22 divide 12689762?
False
Is 3365312 a multiple of 64?
True
Is 1121589 a multiple of 171?
True
Is 33 a factor of 1289943?
False
Is 30 a factor of 6737856?
False
Is 211 a factor of 87143?
True
Does 23 divide 5638450?
True
Is 304290 a multiple of 70?
True
Does 29 divide 182091?
True
Is 40 a factor of 69282?
False
Does 8 divide 830592?
True
Does 86 divide 688825?
False
Is 12 a factor of 3991692?
True
Is 62 a factor of 212350?
True
Does 7 divide 542409?
True
Does 779 divide 2774293?
False
Is 10 a factor of 138672?
False
Does 53 divide 483726?
False
Is 7 a factor of 137151?
True
Is 175 a factor of 1006950?
True
Is 235 a factor of 1120715?
True
Is 68527 a multiple of 139?
True
Does 126 divide 322938?
True
Is 945679 a multiple of 371?
True
Does 851 divide 3753000?
False
Is 99 a factor of 230641?
False
Is 7 a factor of 249634?
True
Is 4240405 a multiple of 13?
True
Is 842 a factor of 13694651?
False
Is 383 a factor of 164307?
True
Is 944775 a multiple of 65?
True
Does 361 divide 235372?
True
Does 364 divide 14789320?
True
Is 14 a factor of 3661318?
False
Does 26 divide 4160?
True
Is 68883 a multiple of 8?
False
Does 33 divide 10990088?
False
Is 11 a factor of 2632991?
False
Does 291 divide 4222119?
True
Is 844 a factor of 1881276?
True
Is 24 a factor of 4375340?
False
Is 397 a factor of 244155?
True
Is 140480 a multiple of 8?
True
Does 149 divide 1213193?
False
Is 564102 a multiple of 33?
True
Is 48 a factor of 2379238?
False
Does 49 divide 24990?
True
Is 22 a factor of 355036?
True
Is 8 a factor of 1054792?
True
Does 216 divide 8333496?
True
Is 2028033 a multiple of 232?
False
Is 9 a factor of 364833?
True
Is 352 a factor of 4173664?
True
Is 21482 a multiple of 23?
True
Is 201332 a multiple of 80?
False
Is 113 a factor of 5566606?
True
Does 53 divide 47594?
True
Is 8 a factor of 65411?
False
Is 21196894 a multiple of 1522?
True
Is 73829 even?
False
Does 46 divide 678914?
True
Is 7 a factor of 26430?
False
Is 17 a factor of 67818?
False
Is 261 a factor of 32886?
True
Does 10 divide 241660?
True
Is 704888 a multiple of 136?
True
Does 12 divide 47856?
True
Does 20 divide 4918668?
False
Is 14987786 a multiple of 242?
True
Is 15 a factor of 7913370?
True
Does 39 divide 1093599?
True
Does 769 divide 233007?
True
Is 44 a factor of 29032?
False
Does 49 divide 13699861?
True
Does 22 divide 1412642?
True
Is 6 a factor of 383208?
True
Is 42096 a multiple of 46?
False
Is 114 a factor of 5294730?
True
Is 1285 a factor of 1515015?
True
Is 18 a factor of 6587550?
True
Is 37910 a multiple of 151?
False
Does 19 divide 848907?
False
Does 4 divide 477436?
True
Is 3 a factor of 70383?
True
Is 77 a factor of 29812539?
False
Does 1789 divide 742435?
True
Does 72 divide 478220?
False
Is 2653872 a multiple of 746?
False
Is 38816 a multiple of 3?
False
Is 19 a factor of 8666345?
False
Is 427 a factor of 425719?
True
Is 6504212 a multiple of 44?
True
Does 124 divide 59024?
True
Is 151 a factor of 65863?
False
Is 6055 a multiple of 7?
True
Is 229209 a multiple of 15?
False
Is 1095 a factor of 6625845?
True
Does 10 divide 880721?
False
Is 84974 a multiple of 7?
False
Does 54 divide 257689?
False
Is 312760 a multiple of 56?
True
Is 12845 a multiple of 5?
True
Is 744 a factor of 3277320?
True
Does 49 divide 458970?
False
Is 81214 a multiple of 19?
False
Does 48 divide 262166?
False
Is 113644 a multiple of 72?
False
Is 74074 a multiple of 13?
True
Does 100 divide 568900?
True
Is 22 a factor of 474693?
False
Does 93 divide 3252642?
False
Is 80852 a multiple of 60?
False
Is 198 a factor of 692875?
False
Is 158929 a multiple of 10?
False
Is 3087072 a multiple of 27?
True
Is 96 a factor of 275808?
True
Is 5 a factor of 63111?
False
Is 7 a factor of 31126?
False
Does 192 divide 6767856?
False
Does 719 divide 246582?
False
Does 20 divide 514593?
False
Is 9 a factor of 29385?
True
Does 41 divide 3192814?
False
Is 544 a factor of 650080?
True
Does 118 divide 264437?
False
Is 233306 a multiple of 19?
False
Does 2312 divide 8019734?
False
Is 81 a factor of 12917101?
False
Is 2688 a multiple of 48?
True
Is 486553 a multiple of 52?
False
Is 901 a factor of 6825976?
True
Is 127 a factor of 867944?
False
Does 61 divide 422660?
False
Is 49 a factor of 55958?
True
Is 93420 a multiple of 10?
True
Is 23228 a multiple of 158?
False
Does 369 divide 899858?
False
Is 2211 a factor of 1133061?
False
Is 10069560 a multiple of 166?
True
Is 610749 a multiple of 711?
True
Does 48 divide 161735?
False
Is 431715 a multiple of 15?
True
Does 119 divide 1929347?
True
Is 2 a factor of 35532?
True
Is 964950 a multiple of 525?
True
Is 1818126 a multiple of 174?
True
Does 42 divide 3006780?
True
Is 493 a factor of 10475280?
False
Does 29 divide 793179?
True
Does 390 divide 102913?
False
Is 161 a factor of 256151?
True
Is 10 a factor of 999058?
False
Is 149920 a multiple of 16?
True
Is 2261734 a multiple of 513?
False
Does 18 divide 11790?
True
Does 110 divide 190190?
True
Is 47 a factor of 14605?
False
Does 38 divide 185252?
False
Is 66 a factor of 992807?
False
Does 6 divide 924490?
False
Is 17 a factor of 35462?
True
Is 93 a factor of 57474?
True
Is 859881 a multiple of 3?
True
Is 384312 a multiple of 39?
False
Does 192 divide 632335?
False
Is 149079 a multiple of 12?
False
Is 630100 a multiple of 100?
True
Is 767509 a multiple of 288?
False
Is 483951 a multiple of 515?
False
Does 10 divide 60121?
False
Is 8260458 a multiple of 746?
True
Does 17 divide 205716?
False
Does 20 divide 8089472?
False
Is 4593450 a multiple of 271?
True
Is 269 a factor of 1000949?
True
Is 107352 a multiple of 87?
False
Does 239 divide 5920986?
True
Is 108 a factor of 6816846?
False
Is 736848 a multiple of 9?
True
Is 259036 a multiple of 14?
False
Is 319 a factor of 1290993?
True
Is 84332 a multiple of 58?
True
Does 159 divide 2091963?
True
Does 11 divide 4060370?
False
Is 109678 a multiple of 58?
True
Does 115 divide 8184420?
False
Is 11698550 a multiple of 10?
True
Is 326333 a multiple of 3?
False
Is 1207820 a multiple of 272?
False
Does 65 divide 195?
True
Does 278 divide 87254?
False
Is 2535513 a multiple of 16?
False
Is 96 a factor of 9379968?
True
Is 7671231 a multiple of 19?
True
Is 63687 a multiple of 5?
False
Does 588 divide 11316984?
False
Is 115056 a multiple of 16?
True
Is 380 a factor of 224011?
False
Does 487 divide 11314194?
False
Is 1042127 a multiple of 178?
False
Does 56 divide 3321080?
True
Is 121185 a multiple of 45?
True
Does 19 divide 15648761?
True
Is 2394300 a multiple of 8?
False
Is 265497 a multiple of 42?
False
Is 16 a factor of 60485?
False
Is 31784 a multiple of 58?
True
Does 259 divide 354780?
False
Is 1481769 a multiple of 181?
False
Does 53 divide 18195907?
True
Is 200 a factor of 483200?
True
Does 218 divide 251572?
True
Is 360762 a multiple of 12?
False
Does 15 divide 204464?
False
Is 258709 a multiple of 295?
False
Is 1977 a factor of 13848885?
True
Does 6 divide 86844?
True
Does 10 divide 157600?
True
Does 7 divide 79317?
True
Is 676796 a multip